{"id":8,"date":"2017-07-21T14:20:01","date_gmt":"2017-07-21T12:20:01","guid":{"rendered":"http:\/\/anaismargarit.com\/?page_id=8"},"modified":"2022-02-09T10:28:40","modified_gmt":"2022-02-09T09:28:40","slug":"a-propos-de","status":"publish","type":"page","link":"https:\/\/anaismargarit.com\/index.php\/a-propos-de\/","title":{"rendered":"Le cabinet"},"content":{"rendered":"<p align=\"JUSTIFY\"><img loading=\"lazy\" decoding=\"async\" class=\"aligncenter size-large wp-image-136\" src=\"http:\/\/anaismargarit.com\/wp-content\/uploads\/2017\/07\/anais-margarit_Psychologue_soissons_aisne_picardiejpg-1024x196.png\" alt=\"\" width=\"525\" height=\"100\" srcset=\"https:\/\/anaismargarit.com\/wp-content\/uploads\/2017\/07\/anais-margarit_Psychologue_soissons_aisne_picardiejpg-1024x196.png 1024w, https:\/\/anaismargarit.com\/wp-content\/uploads\/2017\/07\/anais-margarit_Psychologue_soissons_aisne_picardiejpg-300x57.png 300w, https:\/\/anaismargarit.com\/wp-content\/uploads\/2017\/07\/anais-margarit_Psychologue_soissons_aisne_picardiejpg-768x147.png 768w, https:\/\/anaismargarit.com\/wp-content\/uploads\/2017\/07\/anais-margarit_Psychologue_soissons_aisne_picardiejpg.png 2000w\" sizes=\"auto, (max-width: 525px) 100vw, 525px\" \/><br \/>\n<span style=\"color: #0a4a96;\">Je vous re\u00e7ois au cabinet sur rendez-vous. Vous pouvez me contacter via diff\u00e9rents supports (formulaire de contact, t\u00e9l\u00e9phone, facebook). L\u2019ensemble des services propos\u00e9s est pr\u00e9c\u00e9d\u00e9 d\u2019une consultation.<\/span><\/p>\n<p align=\"JUSTIFY\"><span style=\"color: #0a4a96;\">Le cabinet dispose des principaux outils d\u2019\u00e9valuation neuropsychologiques dans leurs derni\u00e8res versions, dont certains avec une passation sur tablettes tactiles.<\/span><\/p>\n<p><strong><span style=\"color: #f3a81b;\"><u>Prestations<\/u><\/span><\/strong><\/p>\n<pre><em><span style=\"color: #0b4a97;\">*pr\u00e9voir entre 1h et 5h de bilan (\u00e9valuation psychom\u00e9trique\u00ab QI \u00bb , \u00e9valuation neuropsychologique). Chaque bilan comprend une consultation pr\u00e9alable, l\u2019achat de subtests personnalis\u00e9s pour ipads ; la r\u00e9daction d\u2019un compte rendu \u00e9crit ; et un entretien de restitution.<\/span><\/em><\/pre>\n<p><span style=\"color: #0b4a97;\">D\u2019autres services (consultations \u00e0 domicile, animation de groupes, rencontres avec des partenaires, prestations aux professionnels, etc.) sont possibles sur devis. Je peux \u00e9galement m&#8217;adapter ponctuellement \u00e0 vos disponibilit\u00e9s (le mercredi ou le samedi matin par exemple).<\/span><\/p>\n<p align=\"JUSTIFY\"><span style=\"color: #0a4a96;\">Les prestations ne sont pas rembours\u00e9es par la CPAM, cependant certaines mutuelles ou certains organismes peuvent les financer en partie.<\/span><\/p>\n<p align=\"JUSTIFY\"><span style=\"color: #0a4a96;\">Les paiements par carte bancaire ne sont pas accept\u00e9s<\/span><\/p>\n<p><span style=\"color: #f1a61b;\"><u><b>Soutien d&#8217;une psychologue<\/b><\/u><\/span><\/p>\n<p><span style=\"color: #184697;\">Vous traversez une \u00e9preuve et vous avez besoin d\u2019\u00eatre accompagn\u00e9 et conseill\u00e9 (<b>s\u00e9paration<\/b>, <b>perte d\u2019emploi<\/b>, <b>conflits<\/b> etc.)\u00a0? Je peux vous apporter un soutien temporaire.<\/span><\/p>\n<p align=\"JUSTIFY\"><span style=\"color: #184697;\">Il n\u2019est pas ais\u00e9 de demander de l\u2019aide quand on ne va pas bien, ni de faire confiance \u00e0 une personne, m\u00eame professionnelle, que l\u2019on ne connait pas. Pourtant, la relation qui se cr\u00e9e entre un psychologue et celui qui consulte peut aider \u00e0 se sentir mieux.<\/span><\/p>\n<p align=\"JUSTIFY\"><span style=\"color: #184697;\">Cette relation d\u2019aide est utile si vous \u00eates <b>stress\u00e9<\/b>, <b>anxieux<\/b>, <b>d\u00e9prim\u00e9<\/b>\u00a0; ou encore si vous avez tendance \u00e0 vous <b>d\u00e9valoriser<\/b>. Les entretiens sont l\u2019occasion de prendre du temps pour soi.<\/span><\/p>\n<p align=\"JUSTIFY\"><span style=\"color: #184697;\">Lorsque que vous venez au cabinet, un premier entretien nous permet de faire le point sur votre demande, mais aussi sur la mani\u00e8re dont je peux vous venir en aide. C\u2019est \u00e0 cette occasion du premier contact que vous savez si vous \u00eates assez en confiance pour d\u00e9buter une relation d\u2019aide ou si vous pr\u00e9f\u00e9rez vous retourner vers un autre professionnel.<\/span><\/p>\n<p align=\"JUSTIFY\"><span style=\"color: #184697;\">Form\u00e9e \u00e0 la psychologie et la neuropsychologie\u00a0; ma sensibilit\u00e9 \u00e0 l\u2019approche cognitive, comportementale et \u00e9motionnelle (TCCE) ainsi qu\u2019\u00e0 la psychologie positive m\u2019inspirent et influencent ma pratique lors de nos rencontres.<\/span><\/p>\n<p align=\"JUSTIFY\"><span style=\"color: #184697;\">Une citation que j\u2019affectionne\u00a0: \u00ab\u00a0La vie est un processus, pas un \u00e9tat d\u2019\u00eatre. C\u2019est une direction, pas une destination\u00a0\u00bb de Carl Rogers.<\/span><\/p>\n<p align=\"JUSTIFY\"><span style=\"color: #184697;\">Un livre que je vous conseille\u00a0: \u00ab\u00a0On est foutu, on pense trop\u00a0!\u00a0\u00bb du docteur Serge Marquis, livre tout public qui m\u00eale th\u00e9orie, bon sens et humour.<\/span><\/p>\n<h3><u><b><span style=\"color: #f3a81b;\"><br \/>\nLa technicit\u00e9 d\u2019une neuropsychologue\u00a0: bilan et rem\u00e9diation<\/span><\/b><\/u><\/h3>\n<ul>\n<li>\n<p align=\"JUSTIFY\"><span style=\"font-size: large;\"><strong><span style=\"color: #0c4a97;\"><i>Bilan neuropsychologique<\/i><\/span><\/strong><\/span><\/p>\n<\/li>\n<\/ul>\n<p align=\"JUSTIFY\"><span style=\"color: #0c4a97;\">En quoi il consiste\u00a0? Il \u00e9value les fonctions cognitives (m\u00e9moire, attention, fonctions ex\u00e9cutives, gnosies, praxies, langage) et leurs interactions. Vos r\u00e9sultats \u00e0 diff\u00e9rents tests sont compar\u00e9s \u00e0 des normes pour votre classe d\u2019\u00e2ge, ainsi sont d\u00e9gag\u00e9s vos faiblesses et vos points forts. Le bilan est aussi essentiel pour aider votre m\u00e9decin \u00e0 \u00e9tablir certains<\/span><span style=\"color: #f3a81b;\"><b> diagnostics<\/b><\/span><\/p>\n<ul>\n<li>\n<p align=\"JUSTIFY\"><span style=\"color: #0c4a97;\"><i><strong>Pour un enfant<\/strong> <\/i>: Le bilan sert de support diagnostic aux<\/span> <span style=\"color: #f3a81b;\"><b>troubles \u00ab\u00a0DYS\u00a0\u00bb<\/b> <\/span><span style=\"color: #0c4a97;\">(dyslexie, dysphasie, dyspraxie),<\/span><span style=\"color: #f3a81b;\"><b> TDAH<\/b><\/span><span style=\"color: #0c4a97;\"> (d\u00e9ficit d\u2019attention, hyperactivit\u00e9),<\/span>\u00a0<span style=\"color: #0c4a97;\">ou<\/span> <span style=\"color: #f3a81b;\"><b>d\u00e9ficience intellectuelle<\/b>.<\/span><\/p>\n<\/li>\n<\/ul>\n<p align=\"JUSTIFY\"><span style=\"color: #0c4a97;\">Quand consulter? Votre enfant rencontre des difficult\u00e9s dans sa scolarit\u00e9 (apprentissage, comportement). Il s\u2019ennuie \u00e0 l\u2019\u00e9cole.<\/span><\/p>\n<ul>\n<li>\n<p align=\"JUSTIFY\"><span style=\"color: #0c4a97;\"><strong><i>Pour un adulte<\/i><\/strong>\u00a0: Le bilan objective vos troubles cognitifs si vous pr\u00e9sentez une<\/span> <span style=\"color: #f3a81b;\"><b>pathologie acquise<\/b> <\/span><span style=\"color: #0c4a97;\">(traumatisme cr\u00e2nien, AVC),<\/span> <span style=\"color: #f3a81b;\"><b>neurologique <\/b><\/span><span style=\"color: #0c4a97;\">(\u00e9pilepsie), ou<\/span> <span style=\"color: #f3a81b;\"><b>psychiatrique<\/b><\/span><span style=\"color: #0c4a97;\"> (Schizophr\u00e9nie).<\/span><\/p>\n<\/li>\n<\/ul>\n<p align=\"JUSTIFY\"><span style=\"color: #0c4a97;\">Quand consulter\u00a0? Vous souhaitez conna\u00eetre les cons\u00e9quences de votre pathologie sur votre fonctionnement cognitif. Votre m\u00e9decin sp\u00e9cialiste (neurologue, psychiatre) vous conseille de r\u00e9aliser un bilan neuropsychologique d\u2019\u00e9volution suite \u00e0 une r\u00e9\u00e9ducation.<\/span><\/p>\n<ul>\n<li>\n<p align=\"JUSTIFY\"><span style=\"color: #0c4a97;\"><strong><i>Pour un s\u00e9nior<\/i><\/strong>\u00a0: Le bilan est une \u00e9tape incontournable du diagnostic de certaines pathologies comme<\/span> <span style=\"color: #f3a81b;\"><b>les syndromes d\u00e9mentiels<\/b><\/span> <span style=\"color: #0c4a97;\">(de type Maladie d\u2019Alzheimer).<\/span><\/p>\n<\/li>\n<\/ul>\n<p align=\"JUSTIFY\"><span style=\"color: #0c4a97;\">Quand consulter\u00a0? Vous (ou votre proche) avez des oublis, vous cherchez vos mots, vous perdez parfois la notion du temps.<\/span><\/p>\n<ul>\n<li>\n<p align=\"JUSTIFY\"><span style=\"font-size: large;\"><strong><span style=\"color: #0c4a97;\"><i>Rem\u00e9diation cognitive<\/i><\/span><\/strong><\/span><\/p>\n<\/li>\n<\/ul>\n<p align=\"JUSTIFY\"><span style=\"color: #0c4a97;\">Lors de s\u00e9ances individuelles, je vous propose diff\u00e9rents exercices permettant de<\/span> <span style=\"color: #f3a81b;\"><b>stimuler diff\u00e9rentes fonctions cognitives<\/b><\/span> <span style=\"color: #0c4a97;\">(m\u00e9moire, attention, m\u00e9moire de travail, etc.), en relation avec les besoins rep\u00e9r\u00e9s lors du bilan neuropsychologique.<\/span><\/p>\n<p align=\"JUSTIFY\"><span style=\"color: #0c4a97;\"><a name=\"__DdeLink__710_1483814679\"><\/a> En rem\u00e9diation, je peux cibler une<\/span> <span style=\"color: #f3a81b;\"><b>comp\u00e9tence sp\u00e9cifique<\/b><\/span><span style=\"color: #0c4a97;\"> (par exemple les capacit\u00e9s attentionnelles),<\/span> <span style=\"color: #f3a81b;\"><b>ou plus g\u00e9n\u00e9rale<\/b><\/span> <span style=\"color: #0c4a97;\">(stimulation cognitive globale pour les s\u00e9niors). Il est important, pour qu\u2019elles puissent avoir un effet, que les s\u00e9ances soient rapproch\u00e9es et que certains exercices soient repris \u00e0 la maison. Au-del\u00e0 de l\u2019impact de la rem\u00e9diation au cabinet, mon but est de vous aiguiller pour reproduire des exercices similaires par vous-m\u00eame.<\/span><\/p>\n<p align=\"JUSTIFY\"><span style=\"color: #0c4a97;\">Dans certains cas, je vous propose plut\u00f4t de la r\u00e9adaptation, il s\u2019agit de<\/span> <span style=\"color: #f3a81b;\"><b>compenser certains fonctionnements cognitifs d\u00e9ficitaires<\/b><\/span> <span style=\"color: #0c4a97;\">(par exemple des proc\u00e9duriers s\u2019il vous est difficile de vous organiser).<\/span><\/p>\n<p align=\"JUSTIFY\"><span style=\"color: #0c4a97;\">La rem\u00e9diation cognitive est compatible avec vos s\u00e9ances de r\u00e9\u00e9ducation en ergoth\u00e9rapie, psychomotricit\u00e9, orthophonie. Dans ce cas, il est important que les professionnels soient en contact pour organiser de mani\u00e8re globale votre projet de soin.<\/span><\/p>\n<p align=\"JUSTIFY\"><span style=\"color: #0a4a96;\">\u00a0<\/span><\/p>\n","protected":false},"excerpt":{"rendered":"<p>Je vous re\u00e7ois au cabinet sur rendez-vous. Vous pouvez me contacter via diff\u00e9rents supports (formulaire de contact, t\u00e9l\u00e9phone, facebook). L\u2019ensemble des services propos\u00e9s est pr\u00e9c\u00e9d\u00e9 d\u2019une consultation. Le cabinet dispose des principaux outils d\u2019\u00e9valuation neuropsychologiques dans leurs derni\u00e8res versions, dont certains avec une passation sur tablettes tactiles. Prestations *pr\u00e9voir entre 1h et 5h de bilan &hellip; <\/p>\n<p class=\"link-more\"><a href=\"https:\/\/anaismargarit.com\/index.php\/a-propos-de\/\" class=\"more-link\">Continue reading<span class=\"screen-reader-text\"> &#8220;Le cabinet&#8221;<\/span><\/a><\/p>\n","protected":false},"author":1,"featured_media":0,"parent":0,"menu_order":0,"comment_status":"closed","ping_status":"closed","template":"","meta":{"footnotes":""},"class_list":["post-8","page","type-page","status-publish","hentry"],"_links":{"self":[{"href":"https:\/\/anaismargarit.com\/index.php\/wp-json\/wp\/v2\/pages\/8","targetHints":{"allow":["GET"]}}],"collection":[{"href":"https:\/\/anaismargarit.com\/index.php\/wp-json\/wp\/v2\/pages"}],"about":[{"href":"https:\/\/anaismargarit.com\/index.php\/wp-json\/wp\/v2\/types\/page"}],"author":[{"embeddable":true,"href":"https:\/\/anaismargarit.com\/index.php\/wp-json\/wp\/v2\/users\/1"}],"replies":[{"embeddable":true,"href":"https:\/\/anaismargarit.com\/index.php\/wp-json\/wp\/v2\/comments?post=8"}],"version-history":[{"count":2,"href":"https:\/\/anaismargarit.com\/index.php\/wp-json\/wp\/v2\/pages\/8\/revisions"}],"predecessor-version":[{"id":211,"href":"https:\/\/anaismargarit.com\/index.php\/wp-json\/wp\/v2\/pages\/8\/revisions\/211"}],"wp:attachment":[{"href":"https:\/\/anaismargarit.com\/index.php\/wp-json\/wp\/v2\/media?parent=8"}],"curies":[{"name":"wp","href":"https:\/\/api.w.org\/{rel}","templated":true}]}}

<p align="JUSTIFY"><img loading="lazy" decoding="async" class="aligncenter size-large wp-image-136" src="http://anaismargarit.com/wp-content/uploads/2017/07/anais-margarit_Psychologue_soissons_aisne_picardiejpg-1024x196.png" alt="" width="525" height="100" srcset="https://anaismargarit.com/wp-content/uploads/2017/07/anais-margarit_Psychologue_soissons_aisne_picardiejpg-1024x196.png 1024w, https://anaismargarit.com/wp-content/uploads/2017/07/anais-margarit_Psychologue_soissons_aisne_picardiejpg-300x57.png 300w, https://anaismargarit.com/wp-content/uploads/2017/07/anais-margarit_Psychologue_soissons_aisne_picardiejpg-768x147.png 768w, https://anaismargarit.com/wp-content/uploads/2017/07/anais-margarit_Psychologue_soissons_aisne_picardiejpg.png 2000w" sizes="auto, (max-width: 525px) 100vw, 525px" /><br />
<span style="color: #0a4a96;">Je vous reçois au cabinet sur rendez-vous. Vous pouvez me contacter via différents supports (formulaire de contact, téléphone, facebook). L’ensemble des services proposés est précédé d’une consultation.</span></p>
<p align="JUSTIFY"><span style="color: #0a4a96;">Le cabinet dispose des principaux outils d’évaluation neuropsychologiques dans leurs dernières versions, dont certains avec une passation sur tablettes tactiles.</span></p>
<p><strong><span style="color: #f3a81b;"><u>Prestations</u></span></strong></p>
<pre><em><span style="color: #0b4a97;">*prévoir entre 1h et 5h de bilan (évaluation psychométrique« QI » , évaluation neuropsychologique). Chaque bilan comprend une consultation préalable, l’achat de subtests personnalisés pour ipads ; la rédaction d’un compte rendu écrit ; et un entretien de restitution.</span></em></pre>
<p><span style="color: #0b4a97;">D’autres services (consultations à domicile, animation de groupes, rencontres avec des partenaires, prestations aux professionnels, etc.) sont possibles sur devis. Je peux également m&#8217;adapter ponctuellement à vos disponibilités (le mercredi ou le samedi matin par exemple).</span></p>
<p align="JUSTIFY"><span style="color: #0a4a96;">Les prestations ne sont pas remboursées par la CPAM, cependant certaines mutuelles ou certains organismes peuvent les financer en partie.</span></p>
<p align="JUSTIFY"><span style="color: #0a4a96;">Les paiements par carte bancaire ne sont pas acceptés</span></p>
<p><span style="color: #f1a61b;"><u><b>Soutien d&#8217;une psychologue</b></u></span></p>
<p><span style="color: #184697;">Vous traversez une épreuve et vous avez besoin d’être accompagné et conseillé (<b>séparation</b>, <b>perte d’emploi</b>, <b>conflits</b> etc.) ? Je peux vous apporter un soutien temporaire.</span></p>
<p align="JUSTIFY"><span style="color: #184697;">Il n’est pas aisé de demander de l’aide quand on ne va pas bien, ni de faire confiance à une personne, même professionnelle, que l’on ne connait pas. Pourtant, la relation qui se crée entre un psychologue et celui qui consulte peut aider à se sentir mieux.</span></p>
<p align="JUSTIFY"><span style="color: #184697;">Cette relation d’aide est utile si vous êtes <b>stressé</b>, <b>anxieux</b>, <b>déprimé</b> ; ou encore si vous avez tendance à vous <b>dévaloriser</b>. Les entretiens sont l’occasion de prendre du temps pour soi.</span></p>
<p align="JUSTIFY"><span style="color: #184697;">Lorsque que vous venez au cabinet, un premier entretien nous permet de faire le point sur votre demande, mais aussi sur la manière dont je peux vous venir en aide. C’est à cette occasion du premier contact que vous savez si vous êtes assez en confiance pour débuter une relation d’aide ou si vous préférez vous retourner vers un autre professionnel.</span></p>
<p align="JUSTIFY"><span style="color: #184697;">Formée à la psychologie et la neuropsychologie ; ma sensibilité à l’approche cognitive, comportementale et émotionnelle (TCCE) ainsi qu’à la psychologie positive m’inspirent et influencent ma pratique lors de nos rencontres.</span></p>
<p align="JUSTIFY"><span style="color: #184697;">Une citation que j’affectionne : « La vie est un processus, pas un état d’être. C’est une direction, pas une destination » de Carl Rogers.</span></p>
<p align="JUSTIFY"><span style="color: #184697;">Un livre que je vous conseille : « On est foutu, on pense trop ! » du docteur Serge Marquis, livre tout public qui mêle théorie, bon sens et humour.</span></p>
<h3><u><b><span style="color: #f3a81b;"><br />
La technicité d’une neuropsychologue : bilan et remédiation</span></b></u></h3>
<ul>
<li>
<p align="JUSTIFY"><span style="font-size: large;"><strong><span style="color: #0c4a97;"><i>Bilan neuropsychologique</i></span></strong></span></p>
</li>
</ul>
<p align="JUSTIFY"><span style="color: #0c4a97;">En quoi il consiste ? Il évalue les fonctions cognitives (mémoire, attention, fonctions exécutives, gnosies, praxies, langage) et leurs interactions. Vos résultats à différents tests sont comparés à des normes pour votre classe d’âge, ainsi sont dégagés vos faiblesses et vos points forts. Le bilan est aussi essentiel pour aider votre médecin à établir certains</span><span style="color: #f3a81b;"><b> diagnostics</b></span></p>
<ul>
<li>
<p align="JUSTIFY"><span style="color: #0c4a97;"><i><strong>Pour un enfant</strong> </i>: Le bilan sert de support diagnostic aux</span> <span style="color: #f3a81b;"><b>troubles « DYS »</b> </span><span style="color: #0c4a97;">(dyslexie, dysphasie, dyspraxie),</span><span style="color: #f3a81b;"><b> TDAH</b></span><span style="color: #0c4a97;"> (déficit d’attention, hyperactivité),</span> <span style="color: #0c4a97;">ou</span> <span style="color: #f3a81b;"><b>déficience intellectuelle</b>.</span></p>
</li>
</ul>
<p align="JUSTIFY"><span style="color: #0c4a97;">Quand consulter? Votre enfant rencontre des difficultés dans sa scolarité (apprentissage, comportement). Il s’ennuie à l’école.</span></p>
<ul>
<li>
<p align="JUSTIFY"><span style="color: #0c4a97;"><strong><i>Pour un adulte</i></strong> : Le bilan objective vos troubles cognitifs si vous présentez une</span> <span style="color: #f3a81b;"><b>pathologie acquise</b> </span><span style="color: #0c4a97;">(traumatisme crânien, AVC),</span> <span style="color: #f3a81b;"><b>neurologique </b></span><span style="color: #0c4a97;">(épilepsie), ou</span> <span style="color: #f3a81b;"><b>psychiatrique</b></span><span style="color: #0c4a97;"> (Schizophrénie).</span></p>
</li>
</ul>
<p align="JUSTIFY"><span style="color: #0c4a97;">Quand consulter ? Vous souhaitez connaître les conséquences de votre pathologie sur votre fonctionnement cognitif. Votre médecin spécialiste (neurologue, psychiatre) vous conseille de réaliser un bilan neuropsychologique d’évolution suite à une rééducation.</span></p>
<ul>
<li>
<p align="JUSTIFY"><span style="color: #0c4a97;"><strong><i>Pour un sénior</i></strong> : Le bilan est une étape incontournable du diagnostic de certaines pathologies comme</span> <span style="color: #f3a81b;"><b>les syndromes démentiels</b></span> <span style="color: #0c4a97;">(de type Maladie d’Alzheimer).</span></p>
</li>
</ul>
<p align="JUSTIFY"><span style="color: #0c4a97;">Quand consulter ? Vous (ou votre proche) avez des oublis, vous cherchez vos mots, vous perdez parfois la notion du temps.</span></p>
<ul>
<li>
<p align="JUSTIFY"><span style="font-size: large;"><strong><span style="color: #0c4a97;"><i>Remédiation cognitive</i></span></strong></span></p>
</li>
</ul>
<p align="JUSTIFY"><span style="color: #0c4a97;">Lors de séances individuelles, je vous propose différents exercices permettant de</span> <span style="color: #f3a81b;"><b>stimuler différentes fonctions cognitives</b></span> <span style="color: #0c4a97;">(mémoire, attention, mémoire de travail, etc.), en relation avec les besoins repérés lors du bilan neuropsychologique.</span></p>
<p align="JUSTIFY"><span style="color: #0c4a97;"><a name="__DdeLink__710_1483814679"></a> En remédiation, je peux cibler une</span> <span style="color: #f3a81b;"><b>compétence spécifique</b></span><span style="color: #0c4a97;"> (par exemple les capacités attentionnelles),</span> <span style="color: #f3a81b;"><b>ou plus générale</b></span> <span style="color: #0c4a97;">(stimulation cognitive globale pour les séniors). Il est important, pour qu’elles puissent avoir un effet, que les séances soient rapprochées et que certains exercices soient repris à la maison. Au-delà de l’impact de la remédiation au cabinet, mon but est de vous aiguiller pour reproduire des exercices similaires par vous-même.</span></p>
<p align="JUSTIFY"><span style="color: #0c4a97;">Dans certains cas, je vous propose plutôt de la réadaptation, il s’agit de</span> <span style="color: #f3a81b;"><b>compenser certains fonctionnements cognitifs déficitaires</b></span> <span style="color: #0c4a97;">(par exemple des procéduriers s’il vous est difficile de vous organiser).</span></p>
<p align="JUSTIFY"><span style="color: #0c4a97;">La remédiation cognitive est compatible avec vos séances de rééducation en ergothérapie, psychomotricité, orthophonie. Dans ce cas, il est important que les professionnels soient en contact pour organiser de manière globale votre projet de soin.</span></p>
<p align="JUSTIFY"><span style="color: #0a4a96;"> </span></p>

<p>Je vous reçois au cabinet sur rendez-vous. Vous pouvez me contacter via différents supports (formulaire de contact, téléphone, facebook). L’ensemble des services proposés est précédé d’une consultation. Le cabinet dispose des principaux outils d’évaluation neuropsychologiques dans leurs dernières versions, dont certains avec une passation sur tablettes tactiles. Prestations *prévoir entre 1h et 5h de bilan &hellip; </p>
<p class="link-more"><a href="https://anaismargarit.com/index.php/a-propos-de/" class="more-link">Continue reading<span class="screen-reader-text"> &#8220;Le cabinet&#8221;</span></a></p>
