{"id":161,"date":"2017-07-26T13:28:09","date_gmt":"2017-07-26T11:28:09","guid":{"rendered":"http:\/\/anaismargarit.com\/?page_id=161"},"modified":"2017-09-08T22:56:56","modified_gmt":"2017-09-08T20:56:56","slug":"bilan-neuropsychologique","status":"publish","type":"page","link":"https:\/\/anaismargarit.com\/index.php\/bilan-neuropsychologique\/","title":{"rendered":"Bilan neuropsychologique"},"content":{"rendered":"<p align=\"JUSTIFY\"><span style=\"color: #0a4a96;\">En quoi il consiste\u00a0? Il \u00e9value les fonctions cognitives (m\u00e9moire, attention, fonctions ex\u00e9cutives, gnosies, praxies, langage) et leurs interactions. Vos r\u00e9sultats \u00e0 diff\u00e9rents tests sont compar\u00e9s \u00e0 des normes pour votre classe d\u2019\u00e2ge, ainsi sont d\u00e9gag\u00e9s vos faiblesses et vos points forts. Le bilan est aussi essentiel pour aider votre m\u00e9decin \u00e0 \u00e9tablir certains<span style=\"color: #f1a81b;\"><b> diagnostics<\/b>.<\/span><\/span><\/p>\n<ul>\n<li>\n<p align=\"JUSTIFY\"><span style=\"color: #0a4a96;\"><i><strong>Pour un enfant<\/strong> <\/i>: Le bilan sert de support diagnostic aux <span style=\"color: #f1a81b;\"><b>troubles \u00ab\u00a0DYS\u00a0\u00bb<\/b> <\/span>(dyslexie, dysphasie, dyspraxie),<span style=\"color: #f1a81b;\"><b> TDAH<\/b><\/span> (d\u00e9ficit d\u2019attention, hyperactivit\u00e9), <span style=\"color: #f1a81b;\"><b>pr\u00e9cocit\u00e9<\/b> ou <b>d\u00e9ficience intellectuelle<\/b>.<\/span><\/span><\/p>\n<\/li>\n<\/ul>\n<p align=\"JUSTIFY\"><span style=\"color: #0a4a96;\">Quand consulter? Votre enfant rencontre des difficult\u00e9s dans sa scolarit\u00e9 (apprentissage, comportement). Il s\u2019ennuie \u00e0 l\u2019\u00e9cole.<\/span><\/p>\n<ul>\n<li>\n<p align=\"JUSTIFY\"><span style=\"color: #0a4a96;\"><strong><i>Pour un adulte<\/i><\/strong>\u00a0: Le bilan objective vos troubles cognitifs si vous pr\u00e9sentez une <span style=\"color: #f1a81b;\"><b>pathologie acquise<\/b><\/span> (traumatisme cr\u00e2nien, AVC), <span style=\"color: #f1a81b;\"><b>neurologique <\/b><\/span>(\u00e9pilepsie), ou <span style=\"color: #f1a81b;\"><b>psychiatrique<\/b><\/span> (Schizophr\u00e9nie).<\/span><\/p>\n<\/li>\n<\/ul>\n<p align=\"JUSTIFY\"><span style=\"color: #0a4a96;\">Quand consulter\u00a0? Vous souhaitez connaitre les cons\u00e9quences de votre pathologie sur votre fonctionnement cognitif. Votre m\u00e9decin sp\u00e9cialiste (neurologue, psychiatre) vous conseille de r\u00e9aliser un bilan neuropsychologique d\u2019\u00e9volution suite \u00e0 une r\u00e9\u00e9ducation.<\/span><\/p>\n<ul>\n<li>\n<p align=\"JUSTIFY\"><span style=\"color: #0a4a96;\"><strong><i>Pour un s\u00e9nior<\/i><\/strong>\u00a0: Le bilan est une \u00e9tape incontournable du diagnostic de certaines pathologies comme<span style=\"color: #f1a81b;\"> <b>les syndromes d\u00e9mentiels<\/b><\/span> (de type Maladie d\u2019Alzheimer).<\/span><\/p>\n<\/li>\n<\/ul>\n<p align=\"JUSTIFY\"><span style=\"color: #0a4a96;\">Quand consulter\u00a0? Vous (ou votre proche) avez des oublis, vous cherchez vos mots, vous perdez parfois la notion du temps.<\/span><\/p>\n","protected":false},"excerpt":{"rendered":"<p>En quoi il consiste\u00a0? Il \u00e9value les fonctions cognitives (m\u00e9moire, attention, fonctions ex\u00e9cutives, gnosies, praxies, langage) et leurs interactions. Vos r\u00e9sultats \u00e0 diff\u00e9rents tests sont compar\u00e9s \u00e0 des normes pour votre classe d\u2019\u00e2ge, ainsi sont d\u00e9gag\u00e9s vos faiblesses et vos points forts. Le bilan est aussi essentiel pour aider votre m\u00e9decin \u00e0 \u00e9tablir certains diagnostics. &hellip; <\/p>\n<p class=\"link-more\"><a href=\"https:\/\/anaismargarit.com\/index.php\/bilan-neuropsychologique\/\" class=\"more-link\">Continue reading<span class=\"screen-reader-text\"> &#8220;Bilan neuropsychologique&#8221;<\/span><\/a><\/p>\n","protected":false},"author":1,"featured_media":0,"parent":0,"menu_order":0,"comment_status":"closed","ping_status":"closed","template":"","meta":{"footnotes":""},"class_list":["post-161","page","type-page","status-publish","hentry"],"_links":{"self":[{"href":"https:\/\/anaismargarit.com\/index.php\/wp-json\/wp\/v2\/pages\/161","targetHints":{"allow":["GET"]}}],"collection":[{"href":"https:\/\/anaismargarit.com\/index.php\/wp-json\/wp\/v2\/pages"}],"about":[{"href":"https:\/\/anaismargarit.com\/index.php\/wp-json\/wp\/v2\/types\/page"}],"author":[{"embeddable":true,"href":"https:\/\/anaismargarit.com\/index.php\/wp-json\/wp\/v2\/users\/1"}],"replies":[{"embeddable":true,"href":"https:\/\/anaismargarit.com\/index.php\/wp-json\/wp\/v2\/comments?post=161"}],"version-history":[{"count":0,"href":"https:\/\/anaismargarit.com\/index.php\/wp-json\/wp\/v2\/pages\/161\/revisions"}],"wp:attachment":[{"href":"https:\/\/anaismargarit.com\/index.php\/wp-json\/wp\/v2\/media?parent=161"}],"curies":[{"name":"wp","href":"https:\/\/api.w.org\/{rel}","templated":true}]}}