{"id":156,"date":"2017-07-26T13:22:25","date_gmt":"2017-07-26T11:22:25","guid":{"rendered":"http:\/\/anaismargarit.com\/?page_id=156"},"modified":"2017-08-17T10:26:29","modified_gmt":"2017-08-17T08:26:29","slug":"soutien-dune-psychologue","status":"publish","type":"page","link":"https:\/\/anaismargarit.com\/index.php\/soutien-dune-psychologue\/","title":{"rendered":"Soutien d&#8217;une psychologue"},"content":{"rendered":"<p><span style=\"color: #0c4a97; font-size: 1rem;\">Vous traversez une \u00e9preuve et vous avez besoin d\u2019\u00eatre accompagn\u00e9 et conseill\u00e9 (<\/span><span style=\"color: #f1a81b;\"><b>s\u00e9paration<\/b>, <b>perte d\u2019emploi<\/b>, <b>conflits<\/b><\/span><span style=\"color: #0c4a97; font-size: 1rem;\"> etc.)\u00a0? Je peux vous apporter un soutien temporaire.<\/span><\/p>\n<p align=\"JUSTIFY\"><span style=\"color: #0c4a97;\">Il n\u2019est pas ais\u00e9 de demander de l\u2019aide quand on ne va pas bien, ni de faire confiance \u00e0 une personne, m\u00eame professionnelle, que l\u2019on ne connait pas. Pourtant, la relation qui se cr\u00e9e entre un psychologue et celui qui consulte peut aider \u00e0 se sentir mieux.<\/span><\/p>\n<p align=\"JUSTIFY\"><span style=\"color: #0c4a97;\">Cette relation d\u2019aide est utile si vous \u00eates <span style=\"color: #f1a81b;\"><b>stress\u00e9<\/b>, <b>anxieux<\/b>, <b>d\u00e9prim\u00e9<\/b><\/span>\u00a0; ou encore si vous avez tendance \u00e0 vous <span style=\"color: #f1a81b;\"><b>d\u00e9valoriser<\/b><\/span>. Les entretiens sont l\u2019occasion de prendre du temps pour soi.<\/span><\/p>\n<p align=\"JUSTIFY\"><span style=\"color: #0c4a97;\">Lorsque que vous venez au cabinet, un premier entretien nous permet de faire le point sur votre demande, mais aussi sur la mani\u00e8re dont je peux vous venir en aide. C\u2019est \u00e0 cette occasion du premier contact que vous savez si vous \u00eates assez en confiance pour d\u00e9buter une relation d\u2019aide ou si vous pr\u00e9f\u00e9rez vous retourner vers un autre professionnel.<\/span><\/p>\n<p align=\"JUSTIFY\"><span style=\"color: #0c4a97;\">Form\u00e9e \u00e0 la psychologie et la neuropsychologie\u00a0; ma sensibilit\u00e9 \u00e0 l\u2019approche cognitive, comportementale et \u00e9motionnelle (TCCE) ainsi qu\u2019\u00e0 la psychologie positive m\u2019inspirent et influencent ma pratique lors de nos rencontres.<\/span><\/p>\n<p align=\"JUSTIFY\"><span style=\"color: #0c4a97;\">Une citation que j\u2019affectionne\u00a0: \u00ab\u00a0La vie est un processus, pas un \u00e9tat d\u2019\u00eatre. C\u2019est une direction, pas une destination\u00a0\u00bb de Carl Rogers.<\/span><\/p>\n<p align=\"JUSTIFY\"><span style=\"color: #0c4a97;\">Un livre que je vous conseille\u00a0: \u00ab\u00a0On est foutu, on pense trop\u00a0!\u00a0\u00bb du docteur Serge Marquis, livre tout public qui m\u00eale th\u00e9orie, bon sens et humour.<\/span><\/p>\n","protected":false},"excerpt":{"rendered":"<p>Vous traversez une \u00e9preuve et vous avez besoin d\u2019\u00eatre accompagn\u00e9 et conseill\u00e9 (s\u00e9paration, perte d\u2019emploi, conflits etc.)\u00a0? Je peux vous apporter un soutien temporaire. Il n\u2019est pas ais\u00e9 de demander de l\u2019aide quand on ne va pas bien, ni de faire confiance \u00e0 une personne, m\u00eame professionnelle, que l\u2019on ne connait pas. Pourtant, la relation &hellip; <\/p>\n<p class=\"link-more\"><a href=\"https:\/\/anaismargarit.com\/index.php\/soutien-dune-psychologue\/\" class=\"more-link\">Continue reading<span class=\"screen-reader-text\"> &#8220;Soutien d&#8217;une psychologue&#8221;<\/span><\/a><\/p>\n","protected":false},"author":1,"featured_media":0,"parent":0,"menu_order":0,"comment_status":"closed","ping_status":"closed","template":"","meta":{"footnotes":""},"class_list":["post-156","page","type-page","status-publish","hentry"],"_links":{"self":[{"href":"https:\/\/anaismargarit.com\/index.php\/wp-json\/wp\/v2\/pages\/156","targetHints":{"allow":["GET"]}}],"collection":[{"href":"https:\/\/anaismargarit.com\/index.php\/wp-json\/wp\/v2\/pages"}],"about":[{"href":"https:\/\/anaismargarit.com\/index.php\/wp-json\/wp\/v2\/types\/page"}],"author":[{"embeddable":true,"href":"https:\/\/anaismargarit.com\/index.php\/wp-json\/wp\/v2\/users\/1"}],"replies":[{"embeddable":true,"href":"https:\/\/anaismargarit.com\/index.php\/wp-json\/wp\/v2\/comments?post=156"}],"version-history":[{"count":0,"href":"https:\/\/anaismargarit.com\/index.php\/wp-json\/wp\/v2\/pages\/156\/revisions"}],"wp:attachment":[{"href":"https:\/\/anaismargarit.com\/index.php\/wp-json\/wp\/v2\/media?parent=156"}],"curies":[{"name":"wp","href":"https:\/\/api.w.org\/{rel}","templated":true}]}}