{"id":10,"date":"2017-07-21T14:20:01","date_gmt":"2017-07-21T12:20:01","guid":{"rendered":"http:\/\/anaismargarit.com\/?page_id=10"},"modified":"2017-08-17T10:40:12","modified_gmt":"2017-08-17T08:40:12","slug":"blog","status":"publish","type":"page","link":"https:\/\/anaismargarit.com\/index.php\/blog\/","title":{"rendered":"Mon parcours"},"content":{"rendered":"<div align=\"justify\"><img loading=\"lazy\" decoding=\"async\" class=\"aligncenter size-large wp-image-136\" src=\"http:\/\/anaismargarit.com\/wp-content\/uploads\/2017\/07\/anais-margarit_Psychologue_soissons_aisne_picardiejpg-1024x196.png\" alt=\"\" width=\"525\" height=\"100\" srcset=\"https:\/\/anaismargarit.com\/wp-content\/uploads\/2017\/07\/anais-margarit_Psychologue_soissons_aisne_picardiejpg-1024x196.png 1024w, https:\/\/anaismargarit.com\/wp-content\/uploads\/2017\/07\/anais-margarit_Psychologue_soissons_aisne_picardiejpg-300x57.png 300w, https:\/\/anaismargarit.com\/wp-content\/uploads\/2017\/07\/anais-margarit_Psychologue_soissons_aisne_picardiejpg-768x147.png 768w, https:\/\/anaismargarit.com\/wp-content\/uploads\/2017\/07\/anais-margarit_Psychologue_soissons_aisne_picardiejpg.png 2000w\" sizes=\"auto, (max-width: 525px) 100vw, 525px\" \/><br \/>\n<span style=\"color: #0a4a96;\">Apr\u00e8s 5 ann\u00e9es d\u2019\u00e9tudes, j\u2019ai obtenu en 2010 le titre de psychologue.<\/span><br \/>\n<span style=\"color: #0a4a96;\"> Depuis je continue \u00e0 approfondir mes connaissances par des lectures sp\u00e9cialis\u00e9es et la participation \u00e0 des formations.<\/span><br \/>\n<span style=\"color: #0a4a96;\"> Mes qualit\u00e9s de bienveillance et d\u2019empathie vous sont utiles lors des consultations, que ce soit dans l\u2019\u00e9coute lors des entretiens de soutien\u00a0; ou pour vous permettre de vous sentir \u00e0 l\u2019aise pendant un bilan et ainsi d\u00e9voiler au mieux vos capacit\u00e9s.<\/span><br \/>\n<span style=\"color: #0a4a96;\"> J\u2019exerce depuis 2008 dans des structures hospitali\u00e8res et m\u00e9dico-sociales, aupr\u00e8s de diff\u00e9rentes populations et avec des missions vari\u00e9es. Au cours de ma carri\u00e8re, j\u2019ai aussi particip\u00e9 \u00e0 des projets transversaux comme la formation d\u2019AVS \u00e0 l\u2019ESPE de Laon\u00a0; ou la cr\u00e9ation d\u2019une plateforme d\u2019accueil et de r\u00e9pit pour les aidants de malade d\u2019Alzheimer qui a ouvert en 2012 au CH Le Cateau Cambr\u00e9sis (appel \u00e0 projet de l\u2019ARS).<\/span><br \/>\n<span style=\"color: #0a4a96;\"> C\u2019est en 2017 que j\u2019ai d\u00e9cid\u00e9 de me tourner vers une activit\u00e9 lib\u00e9rale, en compl\u00e9ment de mon activit\u00e9 salari\u00e9e, afin de venir en aide \u00e0 un public large.<\/span><\/div>\n<div align=\"justify\"><span style=\"color: #0a4a96;\">\u00a0<\/span><\/div>\n<p>&nbsp;<\/p>\n<div align=\"justify\"><span style=\"color: #f2a91b;\"><strong>Ma formation\u00a0:<\/strong><\/span><br \/>\n<span style=\"color: #0a4a96;\"> 2010\u00a0: Master II professionnel \u00ab\u00a0Psychologie des Handicaps et des D\u00e9ficiences\u00a0\u00bb parcours neuropsychologie * Universit\u00e9 de Picardie Jules Verne<\/span><br \/>\n<span style=\"color: #0a4a96;\"> 2013\u00a0: L\u2019adaptation de l\u2019institution \u00e0 la personne avec autisme * E.D.I Formation<\/span><br \/>\n<span style=\"color: #0a4a96;\"> 2013\u00a0: Rep\u00e9rage et prise en charge de la crise suicidaire * Agence R\u00e9gionale de Sant\u00e9 de Picardie<\/span><br \/>\n<span style=\"color: #0a4a96;\"> 2014\u00a0: La sp\u00e9cificit\u00e9 du bilan du jeune enfant, l\u2019apport de la WPPSI-IV * ECPA<\/span><br \/>\n<span style=\"color: #0a4a96;\"> 2015\u00a0: Approche clinique et th\u00e9orique du WISC-IV * ANAE Formations<\/span><br \/>\n<span style=\"color: #0a4a96;\"> 2015\u00a0: Des personnels concourant \u00e0 la scolarisation des \u00e9l\u00e8ves en situation de handicap * INS-HEA<\/span><br \/>\n<span style=\"color: #0a4a96;\"> 2016\u00a0: Evaluation du projet d\u2019accompagnement (projet personnalis\u00e9) * APF Formations<\/span><\/div>\n<div align=\"justify\"><span style=\"color: #0a4a96;\">\u00a0<\/span><\/div>\n<div align=\"justify\"><span style=\"color: #f2a91b;\"><strong>Mon exp\u00e9rience\u00a0:<\/strong><\/span><br \/>\n<span style=\"color: #0a4a96;\"> Consultation m\u00e9moire et SSR, CH de Chauny<\/span><br \/>\n<span style=\"color: #0a4a96;\"> FAM pour c\u00e9c\u00e9bro-l\u00e9s\u00e9s la maison du Sophora, Gauchy<\/span><br \/>\n<span style=\"color: #0a4a96;\"> MAS Marc Toussaint, Cormontreuil<\/span><br \/>\n<span style=\"color: #0a4a96;\"> Service de r\u00e9\u00e9ducation fonctionnelle, CH Reims<\/span><br \/>\n<span style=\"color: #0a4a96;\"> Services d\u2019addictologie et m\u00e9decine, CH Ham<\/span><br \/>\n<span style=\"color: #0a4a96;\"> EHPAD, CH Roye<\/span><br \/>\n<span style=\"color: #0a4a96;\"> Accueil de jour Alzheimer, CH Le Cateau Cambr\u00e9sis<\/span><br \/>\n<span style=\"color: #0a4a96;\"> IME le moulin vert, Bl\u00e9rancourt<\/span><br \/>\n<span style=\"color: #0a4a96;\"> SESSD APF, Athies-Sous-Laon<\/span><\/div>\n","protected":false},"excerpt":{"rendered":"<p>Apr\u00e8s 5 ann\u00e9es d\u2019\u00e9tudes, j\u2019ai obtenu en 2010 le titre de psychologue. Depuis je continue \u00e0 approfondir mes connaissances par des lectures sp\u00e9cialis\u00e9es et la participation \u00e0 des formations. Mes qualit\u00e9s de bienveillance et d\u2019empathie vous sont utiles lors des consultations, que ce soit dans l\u2019\u00e9coute lors des entretiens de soutien\u00a0; ou pour vous permettre &hellip; <\/p>\n<p class=\"link-more\"><a href=\"https:\/\/anaismargarit.com\/index.php\/blog\/\" class=\"more-link\">Continue reading<span class=\"screen-reader-text\"> &#8220;Mon parcours&#8221;<\/span><\/a><\/p>\n","protected":false},"author":1,"featured_media":0,"parent":0,"menu_order":0,"comment_status":"closed","ping_status":"closed","template":"","meta":{"footnotes":""},"class_list":["post-10","page","type-page","status-publish","hentry"],"_links":{"self":[{"href":"https:\/\/anaismargarit.com\/index.php\/wp-json\/wp\/v2\/pages\/10","targetHints":{"allow":["GET"]}}],"collection":[{"href":"https:\/\/anaismargarit.com\/index.php\/wp-json\/wp\/v2\/pages"}],"about":[{"href":"https:\/\/anaismargarit.com\/index.php\/wp-json\/wp\/v2\/types\/page"}],"author":[{"embeddable":true,"href":"https:\/\/anaismargarit.com\/index.php\/wp-json\/wp\/v2\/users\/1"}],"replies":[{"embeddable":true,"href":"https:\/\/anaismargarit.com\/index.php\/wp-json\/wp\/v2\/comments?post=10"}],"version-history":[{"count":0,"href":"https:\/\/anaismargarit.com\/index.php\/wp-json\/wp\/v2\/pages\/10\/revisions"}],"wp:attachment":[{"href":"https:\/\/anaismargarit.com\/index.php\/wp-json\/wp\/v2\/media?parent=10"}],"curies":[{"name":"wp","href":"https:\/\/api.w.org\/{rel}","templated":true}]}}

<div align="justify"><img loading="lazy" decoding="async" class="aligncenter size-large wp-image-136" src="http://anaismargarit.com/wp-content/uploads/2017/07/anais-margarit_Psychologue_soissons_aisne_picardiejpg-1024x196.png" alt="" width="525" height="100" srcset="https://anaismargarit.com/wp-content/uploads/2017/07/anais-margarit_Psychologue_soissons_aisne_picardiejpg-1024x196.png 1024w, https://anaismargarit.com/wp-content/uploads/2017/07/anais-margarit_Psychologue_soissons_aisne_picardiejpg-300x57.png 300w, https://anaismargarit.com/wp-content/uploads/2017/07/anais-margarit_Psychologue_soissons_aisne_picardiejpg-768x147.png 768w, https://anaismargarit.com/wp-content/uploads/2017/07/anais-margarit_Psychologue_soissons_aisne_picardiejpg.png 2000w" sizes="auto, (max-width: 525px) 100vw, 525px" /><br />
<span style="color: #0a4a96;">Après 5 années d’études, j’ai obtenu en 2010 le titre de psychologue.</span><br />
<span style="color: #0a4a96;"> Depuis je continue à approfondir mes connaissances par des lectures spécialisées et la participation à des formations.</span><br />
<span style="color: #0a4a96;"> Mes qualités de bienveillance et d’empathie vous sont utiles lors des consultations, que ce soit dans l’écoute lors des entretiens de soutien ; ou pour vous permettre de vous sentir à l’aise pendant un bilan et ainsi dévoiler au mieux vos capacités.</span><br />
<span style="color: #0a4a96;"> J’exerce depuis 2008 dans des structures hospitalières et médico-sociales, auprès de différentes populations et avec des missions variées. Au cours de ma carrière, j’ai aussi participé à des projets transversaux comme la formation d’AVS à l’ESPE de Laon ; ou la création d’une plateforme d’accueil et de répit pour les aidants de malade d’Alzheimer qui a ouvert en 2012 au CH Le Cateau Cambrésis (appel à projet de l’ARS).</span><br />
<span style="color: #0a4a96;"> C’est en 2017 que j’ai décidé de me tourner vers une activité libérale, en complément de mon activité salariée, afin de venir en aide à un public large.</span></div>
<div align="justify"><span style="color: #0a4a96;"> </span></div>
<p>&nbsp;</p>
<div align="justify"><span style="color: #f2a91b;"><strong>Ma formation :</strong></span><br />
<span style="color: #0a4a96;"> 2010 : Master II professionnel « Psychologie des Handicaps et des Déficiences » parcours neuropsychologie * Université de Picardie Jules Verne</span><br />
<span style="color: #0a4a96;"> 2013 : L’adaptation de l’institution à la personne avec autisme * E.D.I Formation</span><br />
<span style="color: #0a4a96;"> 2013 : Repérage et prise en charge de la crise suicidaire * Agence Régionale de Santé de Picardie</span><br />
<span style="color: #0a4a96;"> 2014 : La spécificité du bilan du jeune enfant, l’apport de la WPPSI-IV * ECPA</span><br />
<span style="color: #0a4a96;"> 2015 : Approche clinique et théorique du WISC-IV * ANAE Formations</span><br />
<span style="color: #0a4a96;"> 2015 : Des personnels concourant à la scolarisation des élèves en situation de handicap * INS-HEA</span><br />
<span style="color: #0a4a96;"> 2016 : Evaluation du projet d’accompagnement (projet personnalisé) * APF Formations</span></div>
<div align="justify"><span style="color: #0a4a96;"> </span></div>
<div align="justify"><span style="color: #f2a91b;"><strong>Mon expérience :</strong></span><br />
<span style="color: #0a4a96;"> Consultation mémoire et SSR, CH de Chauny</span><br />
<span style="color: #0a4a96;"> FAM pour cécébro-lésés la maison du Sophora, Gauchy</span><br />
<span style="color: #0a4a96;"> MAS Marc Toussaint, Cormontreuil</span><br />
<span style="color: #0a4a96;"> Service de rééducation fonctionnelle, CH Reims</span><br />
<span style="color: #0a4a96;"> Services d’addictologie et médecine, CH Ham</span><br />
<span style="color: #0a4a96;"> EHPAD, CH Roye</span><br />
<span style="color: #0a4a96;"> Accueil de jour Alzheimer, CH Le Cateau Cambrésis</span><br />
<span style="color: #0a4a96;"> IME le moulin vert, Blérancourt</span><br />
<span style="color: #0a4a96;"> SESSD APF, Athies-Sous-Laon</span></div>

<p>Après 5 années d’études, j’ai obtenu en 2010 le titre de psychologue. Depuis je continue à approfondir mes connaissances par des lectures spécialisées et la participation à des formations. Mes qualités de bienveillance et d’empathie vous sont utiles lors des consultations, que ce soit dans l’écoute lors des entretiens de soutien ; ou pour vous permettre &hellip; </p>
<p class="link-more"><a href="https://anaismargarit.com/index.php/blog/" class="more-link">Continue reading<span class="screen-reader-text"> &#8220;Mon parcours&#8221;</span></a></p>
